 - -9 - (-11 - -2)?
11
What is -10 + -13 + 10 - (12 + -43)?
18
What is -13 - ((-23 + 5 - -12) + 13)?
-20
What is (-2 - -3) + 62 + -50 - 35?
-22
Calculate 3 + -7 + -1 - (-136 - -121).
10
19 + (43 - 23 - 53)
-14
What is the value of 23 + 26 + -8 - 21?
20
What is -774 + 769 - (-2 + -28)?
25
1110 - 1118 - (11 - (-1 + 0))
-20
Evaluate (-14 - -6) + (6 - -5) - (-36 + 33).
6
Evaluate -5 - (-1 + (9 - 4) - -2 - 10).
-1
0 - -12 - (2 + -10 + 34)
-14
Calculate (17 - (49 - 5)) + 1.
-26
What is -7 + (2 - (2 + -4)) - -1?
-2
Evaluate -2 - -12 - (31 - 12).
-9
What is -12 + 3 + -4 - -12 - 4?
-5
Calculate (-5 - (0 + -8)) + 8 + -1 + 1.
11
-7 + 10 - -19 - (-5 - -12)
15
5 + 6 + (-4 - (8 + (-1 - 15)))
15
What is 14 + -2 - (87 + -57)?
-18
(5 - -1) + (-63 - -54)
-3
Evaluate 2 + (-24 - ((-14 - -7) + -2)).
-13
Calculate -26 - (-25 - 10) - (0 + 0 - 7).
16
What is -24 + (5 - -5) + (-2 - 3 - -1)?
-18
What is the value of (7 - (8 + -14)) + -12?
1
What is (-1 - 21) + 17 + (58 - 71)?
-18
Evaluate 7 - 4 - (-4 + 6 + -6).
7
3 + 5 - (3 - (-3 + 15))
17
Calculate 59 - 66 - (-6 - ((0 - -1) + -1)).
-1
Calculate -8 - ((-16 - -3) + 3).
2
(13 - -1) + (4 - 7) + 4 + -7
8
(19 - (9 + -9) - 17) + (3 - -1)
6
24 + -12 - (11 + 0)
1
What is the value of -3 - (2 + -13 + 14)?
-6
What is the value of (5 - (6 + 6)) + (-15 - -4 - 0)?
-18
Calculate (19 - 5) + 9 + -32.
-9
Calculate -1 - (8 + -19 + 5).
5
12 - (3 + 1 + 4 - 4 - -2)
6
Evaluate 2 - (1 + -1 - 0 - (1642 - 1652)).
-8
Calculate (-8 - (5 - 4) - 9) + 9.
-9
Evaluate -9 - (-6 + (5 - -3 - 7)).
-4
What is (14 + -5 - 13) + 11 + 0?
7
What is -5 + 17 + -10 + 1 + 3 - -10?
16
-9 - (26 - 12) - -24
1
Evaluate (41 - 10 - 13) + 1.
19
Calculate (4 + 0 - 18) + 19.
5
What is 24 + -5 - 41 - -18?
-4
Evaluate (-39 - (-33 + -45)) + -65.
-26
What is the value of 20 + -11 + (-4 - (-3 - 1))?
9
Evaluate (-122 - -130) + (0 - -7) - (1 - 2).
16
What is 1 - (-9 + 9 - -3) - -5?
3
Calculate -17 - (-8 + -8 + 9).
-10
Evaluate (8 - -3) + (22 - 28) + (2 - -1).
8
Calculate -2297 - -2266 - (-14 + (-2 - -1)).
-16
Calculate 1 + -12 + (2 + -8 + 0 - -12).
-5
Calculate -6 + -10 - (5 - 15).
-6
Calculate -47 - -56 - (8 - -2 - 1) - 6.
-6
Evaluate (-1 - -1 - 31) + 24.
-7
Calculate -4 + (14 - (4 - -7)).
-1
What is the value of 8 + 6 + 5 - 12?
7
Evaluate -20 - (-17 - (-6 - 1)).
-10
-1 + -8 + (304 - 296)
-1
What is 16 + -8 + -21 - -33?
20
Calculate (3 - 9) + 0 + (-2 + 0 - -8).
0
Calculate (-280 - -297) + (-19 - -1) + -28.
-29
What is the value of (1 - 8) + (356 - 330)?
19
(-2 - -8) + (151 - 129)
28
What is (-54 - (14 + -45)) + 3 + -1?
-21
What is the value of 16 - (4 - (-13 + 12))?
11
What is -2 - -5 - (3 - (-17 + 7) - 11)?
1
18 - (22 - (-3 + 16))
9
What is the value of -44 + 87 - (73 - 5)?
-25
What is the value of (-9 - -22) + -21 + 41 - -4?
37
What is -5 - (-1 + (-4 - -10) + 1 + -19)?
8
-6 - (-2 - (5 + 7 - 9))
-1
50 + -37 - (-4 + (6 - 5))
16
What is 36 - 18 - 27 - -8?
-1
-14 + 2 + 7 - (7 - 0)
-12
4 + 10 + (-3 - (14 + (-10 - -4)))
3
-21 - (4 + 7 + (-35 - -13))
-10
Calculate 1 + (12 - 26 - -13) - 6.
-6
Calculate -4 + -2 + 3 + 2 + -6 + -1.
-8
(-29 - (-49 + 15)) + (10 - (-2 - -2))
15
Calculate (-9 - -4 - -1 - 16) + 44 + -39.
-15
Evaluate 5 + (-2 - -9 - (0 - -17)) + -9.
-14
Calculate (-369 - -347) + (0 - 0).
-22
1 + (-8 - (19 - 13 - 11))
-2
What is 5 - (0 - (-30 + 17))?
-8
What is (-6 - (-2 + 1)) + (5 - (1 + 5))?
-6
What is the value of -5 + -16 + 3 + 33?
15
What is (-1 + 4 - 1 - -3) + (-7 - 8)?
-10
Calculate -5 + -2 + 18 + -2 - -6.
15
1 + (-9 - -4) + 17 + (-4 - -2)
11
What is the value of 0 + 27 + -27 - 7?
-7
7 + -1 + -1 - (287 - 292)
10
What is -3 - -1 - -3 - (30 + 6 + -15)?
-20
Calculate 2 + (1 - (-8 - -4)) - 7 - 16.
-16
Evaluate -11 - (0 + 5 - (58 - 54)).
-12
Calculate (-40 + 29 - (-9 + -2)) + -1.
-1
Evaluate (47 - -1) + -650 + 636.
34
Calculate (-38 - -30) + (-9 - -1) - -14.
-2
Evaluate 7 - (-4 - -6) - 13.
-8
What is -10 - (-2 - 2) - (1 - 10 - -18)?
-15
Calculate 8 + -24 + (1 - -7) + -135 + 135.
-8
What is -11 + (5 - (-5 - (1 + (-8 - -1))))?
-7
4 - (21 + (-52 - -16))
19
Evaluate (-1 - 21) + -3 + 1 + -9 + 14.
-19
What is -4 + (-13 - -15) + 10 + 8?
16
What is -10 + (0 - (4 - 2 - (-11 + 10)))?
-13
8 + (-40 - -22) + 0 + 9
-1
Calculate 4 + (-25 - 3) + -3.
-27
What is the value of 24 + -22 + (-5 - (-4 + 3)) - -6?
4
26 + 0 - (1708 - 1680)
-2
Calculate -5 + -15 + (5 - 21 - -10).
-26
Evaluate (3 - -14 - 15) + (0 + 2 - 2).
2
15 - 7 - (8 + -12 + 5)
7
Calculate (-18 - -8) + 3 + 0 + (-10 - 0).
-17
5 + (-1 - -3 - (-4 + 9) - 5)
-3
What is (-16 - (-28 + 30)) + 17?
-1
Evaluate -29 + 1 + 5 + (4 - -2).
-17
What is the value of 3 - (-12 - (10 - 10 - -9 - 8))?
16
4 + 10 - 15 - 7
-8
Evaluate -4 + (-2 - -1 - -3) + 9 + -6.
1
Calculate -23 + (13 + (1 - -3) + -12 - 2).
-20
Calculate -18 + 9 - -46 - 39.
-2
Evaluate -23 - (5 + -15) - 0.
-13
What is -884 + 896 + (1 - -1) + -48 + -5?
-39
5 + (-9 - (-8 + (4 - 10 - 1)))
11
What is the value of (6 - 6) + 8 - (26 + -5)?
-13
What is the value of (-16 - -12) + 22 + (2 + 1 - 3)?
18
What is the value of 20 + (-54 - 1) + 79 + -61?
-17
What is the value of (-3 - (3 + -1)) + (-45 + 8 - -33)?
-9
-98 + 77 + 1 + 32
12
Calculate -54 + 52 + (-21 - (10 - 16)).
-17
Calculate 10 + -5 + -9 + 8 + 15 + -8.
11
Calculate 7 - (-10 - (-4 + -35) - 12).
-10
Calculate 1 + 0 - (2 + 0 + -29 + 31).
-3
(13 + -9 - 4) + (1 - -21)
22
What is the value of 8 + (12 + -4 - 5) + 5 + -10?
6
Evaluate 4 + -1 - (233 + -232).
2
Calculate (15 - 4 - -12) + -14.
9
Evaluate 8 - ((-2 - -2) + (-7 - -24) + -22).
13
20 + -6 + -9 - (6 + 0) - 0
-1
Calculate -1 + -8 - (30 + 10 + -53).
4
-15 - (-24 - -12) - 7
-10
-15 - (1 - -8) - -7
-17
What is the value of (-8 - 6 - -1) + (7 - (20 - 8))?
-18
0 + -6 + (1 - 1 - (-20 + 20))
-6
14 + (-4 - -21 - 39)
-8
What is -13 + 2 + 257 + -231?
15
Evaluate -36 + 29 - (-18 - -40).
-29
Evaluate (10 + -1 - 41) + 20.
-12
What is 19 + 3 + 7 + (-4 - (-5 + 14))?
16
Evaluate 10 - (9 + -14) - (-12 - -23).
4
Calculate 3 + -15 - -18 - 11.
-5
-6 + 4 + -2 + (-1711 - -1709)
-6
Evaluate (-13 + -57 - -35) + 16.
-19
What is the value of (13 - 1) + (50 - 81)?
-19
-28 + -1 + (176 - 159)
-12
What is 166 + -174 + (32 - 1)?
23
Calculate (9 - (-3 - -17)) + -6 + 7.
-4
Evaluate -8 + -1 + 3 + 8.
2
Evaluate (22 - 11) + -3 + -18.
-10
What is the value of -8 - ((3 - (20 - 11)) + 16)?
-18
-16 - (5 + (6 - (-10 + 21)))
-16
What is the value of -3 + (6 - 3) - (-463 + 479)?
-16
What is -72 + 35 + (13 - 8)?
-32
-18 + 1 - (-4 - (2 - (-3 - -9)))
-17
What is -5 - -1 - (-22 - (-28 - 4))?
-14
What is 261 + -269 + 2 + -9?
-15
What is the value of 10 - 1 - (-493 - -509)?
-7
What is (-14 - 9 - 33) + 32?
-24
What is the value of 3 + -4 + (4 - (-5 - -4)) - -8?
12
What is -1304 - -1308 - (-17 + 1)?
20
What is the value of -6 - -15 - (3 - -7) - 12 - -6?
-7
What is 346 + -379 - (-2 - 19)?
-12
Calculate 1 + 33 + -29 + (-5 - 4).
-4
Evaluate -350 - -352 - (-2 + (-1 - -3 - 3)).
5
What is -3 + (-5 - (-2 + 4 + 6))?
-16
What is the value of (-28 - (-11 - (-1 - 4))) + -4 + -2?
-28
Calculate (-2 - 8) + -2 + 22 + -1 + -21.
-12
What is the value of (0 - -1) + (61 - 50)?
12
Evaluate -22 + -8 + 35 + 1 + -3.
3
What is 27 - -6 - 82 - -32?
-17
What is the value of (25 - 54) + (-3 - 4 - -3)?
-33
What is the value of 3 + -67 + 16 + 43?
-5
Evaluate (7 - (4 - -1)) + (-12 - -18) + 1.
9
Evaluate 6 + (-13 - (10 - 29)).
12
-2 + 1 + -14 + -15 + 38
8
What is 5 - ((10 - 25) + (-1 - -20))?
1
-212 + 195 + (2 - -7)
-8
Evaluate -17 - -16 - (3 + -3 + 6 + -14).
7
(-1 - -9) + (-13 + 1 + 1 - 14)
-17
What is the value of (-5 + -4 - -27) + (4 + -4 - 8)?
10
What is -16 - (-3 - 5) - (1 + -4)?
-5
9 + (-101 - -32 - -39)
-21
Calculate (11 - (7 + -4)) + (-38 - -11).
-19
(61 - 43) + 0 + -2 + -1
15
Evaluate (-1 - (1 - 1)) + 14 + -9.
4
Evaluate (3 - -8) + (-17 - -2 - -6).
2
What is the value of 52 + -26 + -20 + (0 - 0) + -2?
4
Evaluate -31 + -3 - (261 - 292).
-3
Calculate 5 - (15 + -12 + 22).
-20
What is the value of -53 + 59 + (-5 - -7)?
8
What is the value of -1 + 4 + -29 + (-1 - (11 - 6))?
-32
Evaluate 45 + -43 - ((0 - 14) + 2).
14
6 + (-42 - -27) + -2 + (1 - 1)
-11
Calculate (-2 - -4) + -1 + 48 + -38 + -23.
-12
What is -12 - (6 + -9 + -6) - -15?
12
What is the value of 9 + (4 - (5 + 3)) - (-1 - -1)?
5
Evaluate -31 + 24 + (-5 - (-26 - -3)).
11
Calculate -11 + (-12 + 12 - -12).
1
